)/(-36) - y/(-9)?
2
What is the tens digit of (-2)/(-12) + (-149293)/(-138)?
8
Let i = -27 - -19. Let d be (45/(-6))/((-3)/i). What is the units digit of (12/(-5))/(6/d)?
8
Let k(i) = i**2 + i + 119. Let a be 5 + -1 - (3 - -1). What is the tens digit of k(a)?
1
Let d = 57 + -38. Let w = 31 - d. What is the tens digit of (-8)/w - (-130)/6?
2
Let x(n) = -156*n + 3. What is the units digit of x(-5)?
3
Suppose 5*x - 20 = -i + 9*x, 5*i = -4*x + 4. Suppose 2*v = 4*v - i*a - 38, -20 = -4*a. Suppose 0 = 3*u - 148 - v. What is the units digit of u?
9
Let u(g) = g**3 + 7*g**2 + 6*g + 8. Let y be u(-6). Suppose y*s = 13*s - 25. Suppose s*k = 10, -3*h + 8*h - 191 = -3*k. What is the units digit of h?
7
What is the hundreds digit of ((-95)/15 + 7)*(1952 - -1)?
3
Let r be (6 - 9) + 5 + 0/2. Suppose -2*g - r*g = -52. What is the units digit of g?
3
Let x(i) = i**3 - 11*i**2 - 7*i + 1. Let k be x(6). Let a = -153 - k. What is the tens digit of a?
6
Let d = 3 + 3. Suppose -2*f + d = f. Suppose 3*l - 140 = -f*l. What is the units digit of l?
8
Let b(a) = -a + 5. Let w be b(-11). Let l = 19 + -21. Let d = w + l. What is the units digit of d?
4
Suppose 3*k - 2 = -4*f + 10, -5*k + 20 = 3*f. Let v(z) = 32*z - 2. What is the tens digit of v(k)?
2
Let m(o) = -o**2. Let n be m(-1). Let r be n/((-3)/(-2) - 2). Suppose 3*h - 20 = j, -r*h - 2*j + 0*j + 24 = 0. What is the units digit of h?
8
Suppose 2*t + s - 4 = 0, -2*t = 3*s + 2*s - 4. Suppose t*r + z - 76 + 13 = 0, 4*z + 88 = 2*r. Suppose -7*x + 5*x + r = 0. What is the units digit of x?
7
Suppose -2*r = 2*w + 2*w - 106, -4*r = 3*w - 217. Suppose 0 = 2*l - 8 - 6. Suppose -2*x + l*x - r = 0. What is the tens digit of x?
1
Let t(l) = -3*l**2 + l**2 + 3*l - 5 + 3*l**2 - 1. Let n be t(-6). What is the tens digit of 200/3 - (-4)/n?
6
Let j(x) = x**2 - 17*x + 2. Let h be j(17). Suppose 3*r = -4*o + 615, -h*o - 5*r = -245 - 52. Suppose 0 = 2*s - o + 32. What is the tens digit of s?
6
What is the thousands digit of 1042 + (4 - 14) + 5?
1
Let k be 3 - 3/12*0. Suppose p - 2*p = 0. Suppose k*j - 2*j - 18 = p. What is the tens digit of j?
1
Suppose -8481 = -12*z - 741. What is the tens digit of z?
4
Suppose -67*y + 166321 = -212966. What is the tens digit of y?
6
Suppose 2*p = -172*r + 167*r + 3563, -8975 = -5*p + r. What is the units digit of p?
4
Let p(a) = -5*a**2 + a + 5. Let n be p(6). Let i = n + 303. Suppose -4*q = -6 - i. What is the units digit of q?
5
Let z(c) = c**2 - 7*c + 4. Let l be z(8). Suppose -21 = -l*k + 9*k. What is the units digit of k?
7
Suppose -3*a + 3 = 0, 14*y - 18*y + 1010 = -2*a. What is the hundreds digit of y?
2
Suppose -28*u + 23*u - 5*d = -4285, 0 = 4*u - 2*d - 3428. What is the hundreds digit of u?
8
Let y be (6/4)/((-18)/(-24)). Suppose -2*h = -l - 108, -3*h = y*l - 3*l - 161. What is the tens digit of h?
5
Suppose 2*v = 5*s - 2192, 5*v - 1747 = -5*s + s. What is the tens digit of s?
3
Let o(w) = 73*w**2 + w + 2. Let v be o(-1). Suppose -h - z = -5*z - 62, 2*z - v = -h. What is the units digit of h?
0
Suppose -2*r = -3*r + 2. Let b = -5 + 24. Let s = b + r. What is the units digit of s?
1
Let o = -160 + 174. What is the units digit of o?
4
Suppose 5*b + 5705 = 4*g - 4863, 2*g + 3*b - 5262 = 0. What is the tens digit of g?
3
Let k = -347 + 348. What is the units digit of k?
1
Let v be (2 - -65) + 1 + -3. Let h = v - -18. What is the tens digit of h?
8
Let d be (-58)/(-6) - 7/((-21)/(-2)). Suppose 5*r - d*r + 464 = 0. What is the hundreds digit of r?
1
Let b be (20/12 + -3)*-3. Suppose -5*r + 4*m = -700, 0 = 2*r - b*m - 340 + 60. Suppose -2*z + r = 2*z. What is the tens digit of z?
3
Suppose -6817 = -3*d + 2993. What is the units digit of d?
0
Let m be (-276)/(-9) - 4/(-12). What is the units digit of m - -3*(4 - 3)?
4
Let g(f) = 7*f**2 - 11 - 11*f**2 + 12*f**2 - 6*f. What is the hundreds digit of g(-6)?
3
Let p(t) = 22*t**2 + 12*t + 72. What is the tens digit of p(-9)?
4
Suppose -3*r + 14 = -19. Let x be 9/18 - r/2. Let l(u) = u + 7. What is the units digit of l(x)?
2
Let q(y) = y. Let i be (3 + 30/(-9))*-3. Let n(x) = x - 20. Let t(o) = i*n(o) + 4*q(o). What is the tens digit of t(9)?
2
Suppose 0 = 2*r - 336 + 48. Suppose 6*o - r = 2*o. What is the units digit of o?
6
Suppose -4*a = 2*r - 260, -2*r - 2*r = 3*a - 545. Let g = r + -39. What is the tens digit of g?
0
Let l(o) = o**2 - 3*o + 18. Let c be l(0). What is the tens digit of 26/(-117) + 4036/c?
2
Let o(x) = -x**3 - 5*x**2 + 5*x. Let t be o(-5). Let m be (3 - 44)*(-1)/(-3)*-3. Let q = m + t. What is the tens digit of q?
1
Let h = -2713 + 3840. What is the thousands digit of h?
1
Let v(j) = 13*j**2 + 2*j + 17. What is the tens digit of v(5)?
5
Suppose k - 1257 = 4*l, 4*k = -6*l + 4*l + 5028. What is the tens digit of k?
5
Suppose 4*j = 3*j - k + 739, j - 715 = 5*k. What is the tens digit of j?
3
Suppose -2*g = -g - 16. Let j(v) = 2 + 2*v - g*v + 6*v. What is the tens digit of j(-3)?
2
Suppose -3*h + 2*k - 15 = 0, -5*h + 2*k + 16 = 45. Let f be (h/4)/(8/64). Let a = f - -62. What is the units digit of a?
8
Suppose -3*f = 11*h - 15*h - 436, 0 = 2*f - 4*h - 284. What is the units digit of f?
2
Let y(m) be the third derivative of -m**5/60 + 25*m**4/24 - m**3 - 14*m**2. What is the units digit of y(21)?
8
Suppose 7*g + 2205 = 16*g. What is the tens digit of g?
4
Suppose 0 = -o - x + 98, 0 = 5*o - 5*x + 3*x - 476. Suppose 0 = 5*i - 2*i - o. What is the tens digit of i?
3
Suppose -5*m = a - 0*m - 990, 0 = -3*a - m + 2970. What is the tens digit of a?
9
Let g be 10 + (-5 - (3 - 4)). Let f(j) = j + 1. Let p(r) = r**3 - 7*r**2 + 4*r - 10. Let a(m) = -3*f(m) - p(m). What is the units digit of a(g)?
1
Suppose -2*p - 5*q = -5502, -606*q + 20 = -611*q. What is the tens digit of p?
6
Suppose 2*m + 587 = -5*s, 4*m + 1420 = -m - 3*s. Let y = -196 - m. What is the tens digit of y?
8
Let w(a) = a**2 - 15*a + 36. Let s be w(12). Suppose s*n = 10*n - 1890. What is the tens digit of n?
8
Let o(l) = 3*l**3 - 13*l**2 + 6. Let x(c) = 2*c**3 - 12*c**2 + c + 5. Let w(r) = -4*o(r) + 5*x(r). What is the units digit of w(-6)?
5
Suppose 4*w - 260 = -3*s, 5*s + 4*w - 76 = 4*s. Let v = 7 + s. What is the tens digit of v?
9
Suppose t + 2*a - 13 = 14, 108 = 4*t + 2*a. Let y = t - 12. What is the tens digit of y?
1
What is the units digit of 39/(-195) - 126/(-5)?
5
What is the hundreds digit of -2*(3 - -3) + 4227?
2
What is the units digit of 1/((-3)/(-3489)) + -4?
9
Let p(a) = a - 28. Let n be p(-8). Let q = n + 121. What is the tens digit of q?
8
Let k be 82*2/4 + 1. Suppose 4*v - 3*v - 17 = -3*y, -3*v - 5*y = -59. Suppose -5*q = -k - v. What is the units digit of q?
3
Suppose 32 = 13*t + 448. What is the units digit of (2/2 + 1)*(69 + t)?
4
Let y be 7/(-2)*(-8)/7. What is the tens digit of 229 + 3 + (y - (2 + 2))?
3
Suppose -30*t = -9*t - 19593. What is the tens digit of t?
3
Let x(z) = 294*z - 148. What is the hundreds digit of x(5)?
3
Suppose -m = -68*m + 64253. What is the tens digit of m?
5
Suppose 34 = 5*c - 3*z, 4*z - 13 = -c - 4*c. Suppose -2*i + 5*q = -3*i + 281, c*i = -4*q + 1510. What is the tens digit of i?
0
Let o(y) be the first derivative of 11*y**2/2 - 7*y + 4. What is the tens digit of o(4)?
3
Let z(f) = 16*f + 3. Let s(w) = w + 18. Let b be s(-14). What is the tens digit of z(b)?
6
Let r be 1/2*214 + -3. Suppose 3*x - 2*t = 340, r = -0*x + x - 3*t. What is the tens digit of x?
1
Let u(k) = 6*k**2 - k - 6. Let t be (7 + -2)*(-14)/(-35). Suppose -3*q + 8 = v, t = -6*v + 4*v. What is the tens digit of u(q)?
4
Let b be (-4)/(-10) - 6/15. Suppose -3*n + 258 = -b*n. What is the tens digit of n?
8
Suppose 0 = -0*h + h - 37. Suppose 0 = 4*f - 5*w - h, -f = 4*f + w - 10. Suppose 0 = f*x - x - 58. What is the units digit of x?
9
Let p = 348 - 331. What is the tens digit of p?
1
Let i = -131 - -243. Suppose 2 - 26 = 2*k. What is the units digit of i/3 - k/(-9)?
6
What is the tens digit of (5995/44)/(-2 + (-34)/(-16))?
9
Let b = 858 - 285. What is the tens digit of b?
7
Suppose 63240 = -50*i + 80*i. What is the hundreds digit of i?
1
Let u be 1*(-262)/(0 + -2). Let c = 5 + -2. Suppose c*s + y - u = -0*s, 2*y - 37 = -s. What is the tens digit of s?
4
Suppose s = -344 + 3481. What is the hundreds digit of s?
1
Let h be (-3 - (-125)/(-10))*-2. Let r = h - 23. Suppose